
-30583
In base 11, what is -14651451 - -15?
-14651437
In base 3, what is 11 + 101010101010100001?
101010101010100012
In base 13, what is -399c477 + 3?
-399c474
In base 11, what is -476 + 93028?
92662
In base 9, what is -35706 + -10265?
-46072
In base 3, what is 110002101100222 + -2?
110002101100220
In base 7, what is -1 - 56012024?
-56012025
In base 15, what is -5 - -11805644?
1180563e
In base 4, what is 12002 - 2120233?
-2102231
In base 8, what is 261111 + 1017?
262130
In base 7, what is 14 + -44434025?
-44434011
In base 11, what is -1a8 + 37122?
36a25
In base 16, what is -261 + -1c3599?
-1c37fa
In base 13, what is 1a83b + -55?
1a7b6
In base 7, what is -54610 + -223142?
-311052
In base 9, what is -2332402 - 3?
-2332405
In base 16, what is 3270 + -665?
2c0b
In base 13, what is 5 - -53854a1?
53854a6
In base 7, what is -33530524600 - -2?
-33530524565
In base 15, what is 212a3dc8 - -5?
212a3dcd
In base 9, what is -17 + -4063733?
-4063751
In base 6, what is -3 + 1400442414?
1400442411
In base 3, what is 20021111110022112 - 11?
20021111110022101
In base 7, what is 21 + 1315333?
1315354
In base 9, what is -11331223 + -2?
-11331225
In base 10, what is 7981 - -763?
8744
In base 13, what is -7 - -511b7b?
511b74
In base 12, what is 1633 - -34a1?
4b14
In base 11, what is -80a2691 - -2?
-80a268a
In base 14, what is 9705b0 + -4?
9705aa
In base 6, what is -255111 + 30252?
-224415
In base 3, what is -120 - -202010110000?
202010102110
In base 3, what is -20201 - 1002011102022?
-1002011200000
In base 5, what is 0 - 4443001312?
-4443001312
In base 11, what is -21605 + 603?
-21002
In base 10, what is 14655568 + 11?
14655579
In base 9, what is 25152 + -212?
24840
In base 9, what is -516586 + 264?
-516322
In base 12, what is 1 + 1972029?
197202a
In base 2, what is -100 + 1000001011111110001111011?
1000001011111110001110111
In base 14, what is 17593 - -c97?
1844a
In base 10, what is 17 + 10309238?
10309255
In base 9, what is -1600 + -13835?
-15535
In base 2, what is 10111000110 - -101001010101110000?
101001101100110110
In base 14, what is -1 + -1b5aa929?
-1b5aa92a
In base 4, what is 323022330220 + 333?
323022331213
In base 6, what is -11023232 + -12025?
-11035301
In base 4, what is 111 - 3201113030?
-3201112313
In base 4, what is 1021110 - 131033?
230011
In base 11, what is -752 + -458?
-10aa
In base 11, what is -561 - -30763?
30202
In base 13, what is -5318461 + 18?
-5318446
In base 12, what is -8727 + -30245?
-38970
In base 11, what is 1 - -83a1892?
83a1893
In base 16, what is -3a588b + -3b?
-3a58c6
In base 8, what is -5 + -1257200?
-1257205
In base 13, what is a499837 - 5?
a499832
In base 6, what is 102530543 + -3?
102530540
In base 5, what is 30 + -14443010431?
-14443010401
In base 9, what is -8 - -622143?
622134
In base 4, what is 11021301111300 - 11?
11021301111223
In base 5, what is -42 - 3130444?
-3131041
In base 7, what is -12561056 - 4?
-12561063
In base 7, what is 4660601 + -11?
4660560
In base 5, what is 431110203331 - 0?
431110203331
In base 15, what is -4 - -420272?
42026d
In base 15, what is 250d3 + -3cd2?
21301
In base 12, what is -1636 - -14b4?
-142
In base 10, what is -9773508 + -10?
-9773518
In base 14, what is 31 - -101199?
1011ca
In base 16, what is -5 + -aab8b29?
-aab8b2e
In base 11, what is -17 - 1407976?
-1407992
In base 10, what is 43465249 - 2?
43465247
In base 14, what is -23534d74 - -4?
-23534d70
In base 9, what is 772 - -281163?
282045
In base 16, what is -12 - -8851e?
8850c
In base 10, what is 3052 - -1107?
4159
In base 3, what is -10222221212111 - -1202?
-10222221210202
In base 13, what is -163a35a - -5?
-163a355
In base 9, what is 372 + 118412?
118784
In base 7, what is 21553 - -112062?
133645
In base 6, what is 5421532 - 410?
5421122
In base 8, what is -5575157454 + 4?
-5575157450
In base 3, what is 200 - -1011100211122222?
1011100211200122
In base 16, what is 36735e + 55?
3673b3
In base 12, what is 4 - 2679491?
-2679489
In base 3, what is -11021 - 221021021?
-221102112
In base 6, what is 1021203 - -1550?
1023153
In base 2, what is -1001111010 - 1011010000000101?
-1011011001111111
In base 16, what is 2a7c34 + 11?
2a7c45
In base 2, what is -100001 + -10001100001110101?
-10001100010010110
In base 4, what is 200 + 2103321230?
2103322030
In base 9, what is -3171385 + 17?
-3171367
In base 5, what is -143 + 3300242?
3300044
In base 6, what is -343451352 + -5?
-343451401
In base 5, what is -33422140 + -33?
-33422223
In base 5, what is 3433230 + 4144?
3442424
In base 16, what is 5b + -7b32?
-7ad7
In base 14, what is -4294747 - 4?
-429474b
In base 2, what is -1111000 + -101010011101000?
-101010101100000
In base 13, what is 408263c + 2?
4082641
In base 2, what is 1101101 + 11011100110010110100?
11011100110100100001
In base 9, what is -20141526 + 5?
-20141521
In base 6, what is -133 - -241034223?
241034050
In base 14, what is -56403bc + 2?
-56403ba
In base 8, what is 4 + -6730434?
-6730430
In base 4, what is 3211 + -13023213?
-13020002
In base 11, what is -683a3 + -2362?
-6a755
In base 11, what is -5 - 5623439?
-5623443
In base 10, what is 133891 - -178?
134069
In base 13, what is -5 + -2a1321?
-2a1326
In base 2, what is 11001110 - -101101101110010111?
101101110001100101
In base 11, what is -918360 + 1?
-91835a
In base 7, what is 15 - -3240331?
3240346
In base 13, what is -a + -465883?
-465890
In base 8, what is 636546433 + 4?
636546437
In base 14, what is 76 - -13d46?
13dbc
In base 16, what is 562a6 - 377?
55f2f
In base 12, what is 5a + 10b83?
11021
In base 16, what is c - -a18939?
a18945
In base 10, what is 26089837 + -2?
26089835
In base 7, what is 260350332 + 15?
260350350
In base 13, what is -4 - 62a3a0b?
-62a3a12
In base 12, what is -9286 + -2471a?
-319a4
In base 4, what is -1320112101 - -23?
-1320112012
In base 9, what is -4821 - 3001?
-7822
In base 10, what is 38859977 + -15?
38859962
In base 4, what is -311011131230 + 2?
-311011131222
In base 11, what is -647a488 - 5?
-647a492
In base 6, what is 12 + -2303235553?
-2303235541
In base 15, what is -78b3aec + -6?
-78b3b03
In base 15, what is -24ac4 - 11b?
-24be0
In base 11, what is 22a78 + 627?
235a4
In base 12, what is -5 + -2862963a?
-28629643
In base 6, what is 245 + 5344105?
5344354
In base 9, what is -2 + 136331802?
136331800
In base 9, what is 64115140 + -2?
64115137
In base 12, what is -11bb865 - -1?
-11bb864
In base 2, what is 1 + -1000001111110100110010110?
-1000001111110100110010101
In base 3, what is -120010 - 1121110202?
-1122000212
In base 12, what is 1 + -806434?
-806433
In base 2, what is 10 + -1101100011000101111111001?
-1101100011000101111110111
In base 16, what is -1f4a90c + -2?
-1f4a90e
In base 6, what is -12040 + 1152424?
1140344
In base 3, what is -22011102212112 - -2012?
-22011102210100
In base 12, what is 480a9881 + -2?
480a987b
In base 16, what is -8e8 - 4c08?
-54f0
In base 14, what is -7 + d6d98?
d6d91
In base 15, what is -2a344 - -37?
-2a30c
In base 3, what is 110211 + 121022110?
121210021
In base 15, what is 3a - d2bc?
-d282
In base 7, what is -4 + 111066012?
111066005
In base 4, what is -130 - 221111113212?
-221111120002
In base 13, what is -252319 - -15c?
-25218a
In base 9, what is 2112450 - -15?
2112465
In base 2, what is -110100101001111001 - -111111100?
-110100100001111101
In base 15, what is -24919c - -3?
-249199
In base 10, what is 1399854 + -54?
1399800
In base 4, what is 1 - 223231012?
-223231011
In base 11, what is -5 - 29947037?
-29947041
In base 7, what is 5 - 45553551?
-45553543
In base 15, what is -5 + ab6993?
ab698d
In base 5, what is 1122021404 + 3?
1122021412
In base 4, what is 20013 + 1212030102?
1212110121
In base 16, what is -4e70f3 + -4?
-4e70f7
In base 9, what is 4648 + 656?
5415
In base 5, what is 4414412403 + 10?
4414412413
In base 12, what is -1b - 676a477?
-676a496
In base 15, what is d3e8970 - -2?
d3e8972
In base 10, what is -273 + -59485?
-59758
In base 5, what is 101141 - 1131400?
-1030204
In base 15, what is 2b705 - c1?
2b634
In base 14, what is -325 - 341?
-666
In base 9, what is 2 - -11143844?
11143846
In base 16, what is -4 + -ccf398?
-ccf39c
In base 6, what is 31211424 - -1?
31211425
In base 5, what is 1222 - 143433342?
-143432120
In base 8, what is -7 + 105644764?
105644755
In base 9, what is -653 - -262545?
261782
In bas